{"id":812,"date":"2014-09-16T13:15:18","date_gmt":"2014-09-16T13:15:18","guid":{"rendered":"http:\/\/themes.muffingroup.com\/be\/tourist\/?page_id=35"},"modified":"2023-07-10T11:36:31","modified_gmt":"2023-07-10T16:36:31","slug":"recursos","status":"publish","type":"page","link":"https:\/\/cnspilar.edu.pe\/revista\/recursos\/","title":{"rendered":"Recursos"},"content":{"rendered":"<p>[vc_section css=\u00bb.vc_custom_1596921884859{margin-top: 40px !important;}\u00bb][vc_row][vc_column width=\u00bb3\/4&#8243;]<div class=\"fancy_heading fancy_heading_line\"><div class=\"fh-top\"><\/div><h1 class=\"title \">Descargables<\/h1><div class=\"inside\">Insert your content here<\/div><\/div>\n[vc_row_inner][vc_column_inner width=\u00bb1\/3&#8243;][\/vc_column_inner][vc_column_inner width=\u00bb1\/3&#8243;][\/vc_column_inner][vc_column_inner width=\u00bb1\/3&#8243;][\/vc_column_inner][\/vc_row_inner]<div class=\"fancy_heading fancy_heading_line\"><div class=\"fh-top\"><\/div><h1 class=\"title \">Videos<\/h1><div class=\"inside\">Insert your content here<\/div><\/div>\n[vc_row_inner][vc_column_inner width=\u00bb1\/2&#8243;][vc_video link=\u00bbhttps:\/\/youtu.be\/Os1ONfsga0s\u00bb css=\u00bb.vc_custom_1599784448093{border-radius: 3px !important;}\u00bb][vc_column_text css=\u00bb.vc_custom_1599786731086{margin-top: -40px !important;}\u00bb]<em><strong>C\u00f3mo potenciar al m\u00e1ximo el desarrollo de nuestros hijos peque\u00f1os, adem\u00e1s de c\u00f3mo cuidar el tema emocional en los ni\u00f1os durante el confinamiento<\/strong><\/em><\/p>\n<p>Entrevista con Alejandra Tacchino, directora de <strong><em>Buen Nacer<\/em><\/strong> centro para el desarrollo del alto potencial y especialista en la primera Infancia.[\/vc_column_text][\/vc_column_inner][vc_column_inner width=\u00bb1\/2&#8243;][\/vc_column_inner][\/vc_row_inner]<div class=\"fancy_heading fancy_heading_line\"><div class=\"fh-top\"><\/div><h1 class=\"title \">Podcast<\/h1><div class=\"inside\">Insert your content here<\/div><\/div>\n[vc_row_inner][vc_column_inner width=\u00bb1\/2&#8243;][vc_video link=\u00bbhttps:\/\/www.youtube.com\/watch?v=hPCPmpv48-Y&amp;feature=youtu.be&amp;fbclid=IwAR0YZeK5OXHhawJ3fmd04UT2lJzSyFBQeiEpRXhydK2MQQH93WdOpvrp2Ok\u00bb css=\u00bb.vc_custom_1599784496973{border-radius: 3px !important;}\u00bb][vc_column_text css=\u00bb.vc_custom_1599787275867{margin-top: -40px !important;}\u00bb]<\/p>\n<div id=\"meta\" class=\"style-scope ytd-watch-flexy\">\n<div id=\"meta-contents\" class=\"style-scope ytd-watch-flexy\">\n<div id=\"container\" class=\"style-scope ytd-video-secondary-info-renderer\">\n<div id=\"content\" class=\"style-scope ytd-expander\">\n<div id=\"description\" class=\"style-scope ytd-video-secondary-info-renderer\"><em><strong>Aprender a amar en familia.<\/strong><\/em><strong> \u00a0<\/strong><\/div>\n<div class=\"style-scope ytd-video-secondary-info-renderer\">Entrevista en Radio UPAEP al Dr. Tom\u00e1s Melendo Granados.<\/div>\n<div class=\"style-scope ytd-video-secondary-info-renderer\">La felicidad es consecuencia del amor, tambi\u00e9n y sobre todo en la familia. El mejor modo de amar a nuestro c\u00f3nyuge es ser cada uno muy amable: hacerle sencillo el que nos ame, buscando siempre su bien. Educar es ense\u00f1ar a amar: ayudar a cada uno de nuestros hijos a estar m\u00e1s pendiente de los dem\u00e1s que de s\u00ed mismo.<\/div>\n<\/div>\n<div id=\"always-shown\" class=\"style-scope ytd-metadata-row-container-renderer\"><\/div>\n<\/div>\n<\/div>\n<\/div>\n<div id=\"ticket-shelf\" class=\"style-scope ytd-watch-flexy\"><\/div>\n<div id=\"merch-shelf\" class=\"style-scope ytd-watch-flexy\"><\/div>\n<div id=\"header\" class=\"style-scope ytd-item-section-renderer\">\n<div id=\"title\" class=\"style-scope ytd-comments-header-renderer\"><\/div>\n<\/div>\n<p>[\/vc_column_text][\/vc_column_inner][vc_column_inner width=\u00bb1\/2&#8243;][vc_video link=\u00bbhttps:\/\/www.youtube.com\/watch?v=aTNPFEOwwbk&amp;fbclid=IwAR0YZeK5OXHhawJ3fmd04UT2lJzSyFBQeiEpRXhydK2MQQH93WdOpvrp2Ok\u00bb css=\u00bb.vc_custom_1599784863545{border-radius: 3px !important;}\u00bb][vc_column_text css=\u00bb.vc_custom_1599787287325{margin-top: -40px !important;}\u00bb]<\/p>\n<div id=\"meta\" class=\"style-scope ytd-watch-flexy\">\n<div id=\"meta-contents\" class=\"style-scope ytd-watch-flexy\">\n<div id=\"container\" class=\"style-scope ytd-video-secondary-info-renderer\">\n<div id=\"content\" class=\"style-scope ytd-expander\">\n<div id=\"description\" class=\"style-scope ytd-video-secondary-info-renderer\"><em><strong>\u00a0\u00bfVale la pena casarse?<\/strong><\/em><\/div>\n<div>Entrevista en Radio UPAEP al Dr. Tom\u00e1s Melendo Granados.<\/div>\n<div class=\"style-scope ytd-video-secondary-info-renderer\">Una nueva visi\u00f3n de lo que es la virtud, una nueva visi\u00f3n de en qu\u00e9 consiste el matrimonio, una nueva visi\u00f3n de la castidad conyugal. Termina con unas sugerencias para hacer que el amor entre los c\u00f3nyuges crezca de d\u00eda en d\u00eda, de manera que los dos sean m\u00e1s felices.<\/div>\n<\/div>\n<\/div>\n<\/div>\n<\/div>\n<p>[\/vc_column_text][\/vc_column_inner][\/vc_row_inner][\/vc_column][vc_column width=\u00bb1\/4&#8243;][vc_widget_sidebar sidebar_id=\u00bbsidebar-news\u00bb][\/vc_column][\/vc_row][\/vc_section]<\/p>\n","protected":false},"excerpt":{"rendered":"<p>[vc_section css=\u00bb.vc_custom_1596921884859{margin-top: 40px !important;}\u00bb][vc_row][vc_column width=\u00bb3\/4&#8243;][vc_row_inner][vc_column_inner width=\u00bb1\/3&#8243;][\/vc_column_inner][vc_column_inner width=\u00bb1\/3&#8243;][\/vc_column_inner][vc_column_inner width=\u00bb1\/3&#8243;][\/vc_column_inner][\/vc_row_inner][vc_row_inner][vc_column_inner width=\u00bb1\/2&#8243;][vc_video link=\u00bbhttps:\/\/youtu.be\/Os1ONfsga0s\u00bb css=\u00bb.vc_custom_1599784448093{border-radius: 3px !important;}\u00bb][vc_column_text css=\u00bb.vc_custom_1599786731086{margin-top: -40px !important;}\u00bb]C\u00f3mo potenciar al m\u00e1ximo el desarrollo de nuestros hijos peque\u00f1os, adem\u00e1s<span class=\"excerpt-hellip\"> [\u2026]<\/span><\/p>","protected":false},"author":1,"featured_media":0,"parent":0,"menu_order":0,"comment_status":"open","ping_status":"closed","template":"","meta":{"content-type":"","footnotes":""},"class_list":["post-812","page","type-page","status-publish","hentry"],"_links":{"self":[{"href":"https:\/\/cnspilar.edu.pe\/revista\/wp-json\/wp\/v2\/pages\/812","targetHints":{"allow":["GET"]}}],"collection":[{"href":"https:\/\/cnspilar.edu.pe\/revista\/wp-json\/wp\/v2\/pages"}],"about":[{"href":"https:\/\/cnspilar.edu.pe\/revista\/wp-json\/wp\/v2\/types\/page"}],"author":[{"embeddable":true,"href":"https:\/\/cnspilar.edu.pe\/revista\/wp-json\/wp\/v2\/users\/1"}],"replies":[{"embeddable":true,"href":"https:\/\/cnspilar.edu.pe\/revista\/wp-json\/wp\/v2\/comments?post=812"}],"version-history":[{"count":17,"href":"https:\/\/cnspilar.edu.pe\/revista\/wp-json\/wp\/v2\/pages\/812\/revisions"}],"predecessor-version":[{"id":969,"href":"https:\/\/cnspilar.edu.pe\/revista\/wp-json\/wp\/v2\/pages\/812\/revisions\/969"}],"wp:attachment":[{"href":"https:\/\/cnspilar.edu.pe\/revista\/wp-json\/wp\/v2\/media?parent=812"}],"curies":[{"name":"wp","href":"https:\/\/api.w.org\/{rel}","templated":true}]}}